{"id":3912,"date":"2018-09-24T18:08:45","date_gmt":"2018-09-24T15:08:45","guid":{"rendered":"http:\/\/www.ifturquie.org\/izmir\/examens-et-diplomes\/tcf-et-tef\/"},"modified":"2025-12-16T15:58:57","modified_gmt":"2025-12-16T12:58:57","slug":"tcf-et-tef","status":"publish","type":"page","link":"https:\/\/www.ifturquie.org\/fr\/izmir\/examens-et-diplomes\/tcf-et-tef\/","title":{"rendered":"TCF et TEF"},"content":{"rendered":"<div class=\"wpb-content-wrapper\"><p>[vc_section css=&#8221;.vc_custom_1615383638380{margin-top: 0px !important;margin-bottom: 0px !important;padding-top: 0px !important;padding-right: 0px !important;padding-bottom: 0px !important;padding-left: 0px !important;}&#8221; el_class=&#8221;container_1110&#8243;][vc_row css=&#8221;.vc_custom_1536656189205{margin: 0px !important;padding: 0px !important;}&#8221;][vc_column width=&#8221;1\/2&#8243; css=&#8221;.vc_custom_1725611477532{margin-top: 0px !important;margin-right: 0px !important;margin-bottom: 0px !important;margin-left: 0px !important;padding-top: 0px !important;padding-right: 0px !important;padding-bottom: 0px !important;padding-left: 0px !important;background-color: #ffffff !important;}&#8221;][vc_column_text css=&#8221;.vc_custom_1765889796092{margin-bottom: 76px !important;}&#8221; el_class=&#8221;kurs_top_text&#8221;]<span style=\"color: #000000;\">Le TEF (Test d\u2019\u00e9valuation de fran\u00e7ais) est une certification d\u00e9livr\u00e9e par la Chambre de Commerce et d\u2019Industrie de Paris Ile-de-France.<\/span><\/p>\n<p><span style=\"color: #000000;\">Le TCF (Test de connaissance du fran\u00e7ais) est une certification d\u00e9livr\u00e9e par France Education international.<\/span><\/p>\n<p><span style=\"color: #000000;\">Ces certifications, valables deux ans, d\u00e9terminent officiellement un niveau de langue fran\u00e7aise requis dans un cadre professionnel, acad\u00e9mique ou personnel.<\/span><\/p>\n<h4><a href=\"https:\/\/www.ifturquie.org\/wp-content\/uploads\/2025\/12\/2026-TCF-TEF-TAKVIMI-IZMIR.pdf\" target=\"_blank\" rel=\"noopener\">Calendrier 2026 et tarifs des examens TEF\/TCF<\/a><\/h4>\n<p>[\/vc_column_text][\/vc_column][vc_column width=&#8221;1\/2&#8243; css=&#8221;.vc_custom_1536655721450{margin: 0px !important;padding: 0px !important;}&#8221;][vc_single_image image=&#8221;34025&#8243; img_size=&#8221;full&#8221; css=&#8221;.vc_custom_1734008762723{margin-top: 0px !important;margin-right: 0px !important;margin-bottom: 0px !important;margin-left: 0px !important;padding-top: 0px !important;padding-right: 0px !important;padding-bottom: 0px !important;padding-left: 0px !important;}&#8221;][\/vc_column][\/vc_row][\/vc_section][vc_section css=&#8221;.vc_custom_1536659492374{margin: 0px !important;padding: 0px !important;}&#8221;][vc_row el_class=&#8221;container_1110&#8243; css=&#8221;.vc_custom_1536659473655{margin-top: 50px !important;}&#8221;][vc_column width=&#8221;1\/2&#8243;][vc_column_text]<\/p>\n<h4>Test de connaissance du fran\u00e7ais TCF<\/h4>\n<p>France Education international d\u00e9livre les certifications TCF dont l\u2019Institut fran\u00e7ais est centre d\u2019examen pour :<\/p>\n<ul>\n<li>TCF \u2013 Test de connaissance du fran\u00e7ais<\/li>\n<li>TCF Qu\u00e9bec \u2013 Pour la demande d\u2019immigration au Qu\u00e9bec<\/li>\n<li>TCF Canada \u2013 Pour la demande d\u2019immigration \u00e9conomique au Canada<\/li>\n<li>TCF IRN\u2013 Pour la demande de naturalisation aupr\u00e8s du gouvernement fran\u00e7ais<\/li>\n<\/ul>\n<p>Public\u00a0: grands adolescents et adultes pour des raisons d\u2019\u00e9tudes, personnelles ou professionnelles.<\/p>\n<p>Test de niveau linguistique en fran\u00e7ais, il se d\u00e9cline \u00e9galement en plusieurs versions pour des publics sp\u00e9cifiques. Con\u00e7u pour accompagner la demande croissante de mobilit\u00e9, le TCF int\u00e9resse particuli\u00e8rement les publics \u00e9tudiants, les entreprises et les organisations internationales.<\/p>\n<p>Il b\u00e9n\u00e9ficie de la reconnaissance des conf\u00e9rences des \u00e9tablissements d\u2019enseignement sup\u00e9rieur (CPU, CDEFI, CGE) et du dkist\u00e8re de l\u2019enseignement sup\u00e9rieur et de la recherche.[\/vc_column_text][vc_single_image image=&#8221;38389&#8243; img_size=&#8221;2260\u200a\u00d7\u200a814&#8243; css=&#8221;&#8221;][\/vc_column][vc_column width=&#8221;1\/2&#8243;][vc_column_text css=&#8221;&#8221;]<\/p>\n<h4>Test d\u2019\u00e9valuation de fran\u00e7ais TEF<\/h4>\n<p>La Chambre de Commerce et d\u2019Industrie de Paris d\u00e9livre les certifications <strong>TEF<\/strong> dont l\u2019Institut fran\u00e7ais est centre d\u2019examen pour\u00a0:<\/p>\n<ul>\n<li>TEF \u2013 Test d\u2019\u00c9valuation du Fran\u00e7ais<\/li>\n<li>TEFAQ \u2013 Pour la demande d\u2019immigration au Qu\u00e9bec<\/li>\n<li>TEF Canada \u2013 Pour la demande d\u2019immigration \u00e9conomique au Canada<\/li>\n<li>TEF IRN\u2013 Pour la demande de naturalisation aupr\u00e8s du gouvernement fran\u00e7ais<\/li>\n<\/ul>\n<p>&nbsp;<\/p>\n<p><img loading=\"lazy\" decoding=\"async\" class=\"alignnone size-full wp-image-34019\" src=\"https:\/\/www.ifturquie.org\/wp-content\/uploads\/2024\/12\/logo-TEF-2025-1-1.jpg\" alt=\"\" width=\"553\" height=\"157\" \/>[\/vc_column_text][vc_single_image image=&#8221;38391&#8243; img_size=&#8221;2290\u200a\u00d7\u200a830&#8243; css=&#8221;&#8221;][vc_column_text]<strong>INSTITUT FRAN\u00c7AIS D\u2019IZMIR<\/strong><br \/>\nT\u00e9l : +90 232 466 00 13<br \/>\nCourriel :\u00a0<a href=\"mailto:sinavlar.izmir@ifturquie.org\" target=\"_blank\" rel=\"noopener noreferrer\">sinavlar.izmir@ifturquie.org<\/a><br \/>\nAdresse : Cumhuriyet Blv. No: 152 Alsancak \u2013 \u0130zmir<\/p>\n<p><strong>Horaires d\u2019accueil :<\/strong><\/p>\n<p>Du lundi au vendredi : 10h00 \u2013 13h00 \/ 14h00 \u2013 19h00<br \/>\nSamedi : 09h00 \u2013 12h00 \/ 14h00 \u2013 17h00<\/p>\n<p>Ferm\u00e9 dimanche.[\/vc_column_text][\/vc_column][\/vc_row][\/vc_section]<\/p>\n<\/div>","protected":false},"excerpt":{"rendered":"<p>[vc_section css=&#8221;.vc_custom_1615383638380{margin-top: 0px !important;margin-bottom: 0px !important;padding-top: 0px !important;padding-right: 0px !important;padding-bottom: 0px !important;padding-left: 0px !important;}&#8221; el_class=&#8221;container_1110&#8243;][vc_row css=&#8221;.vc_custom_1536656189205{margin: 0px !important;padding: 0px !important;}&#8221;][vc_column width=&#8221;1\/2&#8243; css=&#8221;.vc_custom_1725611477532{margin-top: 0px !important;margin-right: 0px !important;margin-bottom: 0px !important;margin-left: 0px !important;padding-top: 0px !important;padding-right: 0px !important;padding-bottom: 0px !important;padding-left: 0px !important;background-color: #ffffff !important;}&#8221;][vc_column_text css=&#8221;.vc_custom_1765889796092{margin-bottom: 76px !important;}&#8221; el_class=&#8221;kurs_top_text&#8221;]Le TEF (Test d\u2019\u00e9valuation de fran\u00e7ais) est une certification d\u00e9livr\u00e9e par la [&hellip;]<\/p>\n","protected":false},"author":2,"featured_media":0,"parent":3848,"menu_order":0,"comment_status":"closed","ping_status":"closed","template":"new-page-template.php","meta":{"_acf_changed":false,"h5ap_radio_sources":[],"footnotes":""},"class_list":["post-3912","page","type-page","status-publish","hentry"],"acf":[],"_links":{"self":[{"href":"https:\/\/www.ifturquie.org\/fr\/wp-json\/wp\/v2\/pages\/3912","targetHints":{"allow":["GET"]}}],"collection":[{"href":"https:\/\/www.ifturquie.org\/fr\/wp-json\/wp\/v2\/pages"}],"about":[{"href":"https:\/\/www.ifturquie.org\/fr\/wp-json\/wp\/v2\/types\/page"}],"author":[{"embeddable":true,"href":"https:\/\/www.ifturquie.org\/fr\/wp-json\/wp\/v2\/users\/2"}],"replies":[{"embeddable":true,"href":"https:\/\/www.ifturquie.org\/fr\/wp-json\/wp\/v2\/comments?post=3912"}],"version-history":[{"count":23,"href":"https:\/\/www.ifturquie.org\/fr\/wp-json\/wp\/v2\/pages\/3912\/revisions"}],"predecessor-version":[{"id":38394,"href":"https:\/\/www.ifturquie.org\/fr\/wp-json\/wp\/v2\/pages\/3912\/revisions\/38394"}],"up":[{"embeddable":true,"href":"https:\/\/www.ifturquie.org\/fr\/wp-json\/wp\/v2\/pages\/3848"}],"wp:attachment":[{"href":"https:\/\/www.ifturquie.org\/fr\/wp-json\/wp\/v2\/media?parent=3912"}],"curies":[{"name":"wp","href":"https:\/\/api.w.org\/{rel}","templated":true}]}}

<div class="wpb-content-wrapper"><p>[vc_section css=&#8221;.vc_custom_1615383638380{margin-top: 0px !important;margin-bottom: 0px !important;padding-top: 0px !important;padding-right: 0px !important;padding-bottom: 0px !important;padding-left: 0px !important;}&#8221; el_class=&#8221;container_1110&#8243;][vc_row css=&#8221;.vc_custom_1536656189205{margin: 0px !important;padding: 0px !important;}&#8221;][vc_column width=&#8221;1/2&#8243; css=&#8221;.vc_custom_1725611477532{margin-top: 0px !important;margin-right: 0px !important;margin-bottom: 0px !important;margin-left: 0px !important;padding-top: 0px !important;padding-right: 0px !important;padding-bottom: 0px !important;padding-left: 0px !important;background-color: #ffffff !important;}&#8221;][vc_column_text css=&#8221;.vc_custom_1765889796092{margin-bottom: 76px !important;}&#8221; el_class=&#8221;kurs_top_text&#8221;]<span style="color: #000000;">Le TEF (Test d’évaluation de français) est une certification délivrée par la Chambre de Commerce et d’Industrie de Paris Ile-de-France.</span></p>
<p><span style="color: #000000;">Le TCF (Test de connaissance du français) est une certification délivrée par France Education international.</span></p>
<p><span style="color: #000000;">Ces certifications, valables deux ans, déterminent officiellement un niveau de langue française requis dans un cadre professionnel, académique ou personnel.</span></p>
<h4><a href="https://www.ifturquie.org/wp-content/uploads/2025/12/2026-TCF-TEF-TAKVIMI-IZMIR.pdf" target="_blank" rel="noopener">Calendrier 2026 et tarifs des examens TEF/TCF</a></h4>
<p>[/vc_column_text][/vc_column][vc_column width=&#8221;1/2&#8243; css=&#8221;.vc_custom_1536655721450{margin: 0px !important;padding: 0px !important;}&#8221;][vc_single_image image=&#8221;34025&#8243; img_size=&#8221;full&#8221; css=&#8221;.vc_custom_1734008762723{margin-top: 0px !important;margin-right: 0px !important;margin-bottom: 0px !important;margin-left: 0px !important;padding-top: 0px !important;padding-right: 0px !important;padding-bottom: 0px !important;padding-left: 0px !important;}&#8221;][/vc_column][/vc_row][/vc_section][vc_section css=&#8221;.vc_custom_1536659492374{margin: 0px !important;padding: 0px !important;}&#8221;][vc_row el_class=&#8221;container_1110&#8243; css=&#8221;.vc_custom_1536659473655{margin-top: 50px !important;}&#8221;][vc_column width=&#8221;1/2&#8243;][vc_column_text]</p>
<h4>Test de connaissance du français TCF</h4>
<p>France Education international délivre les certifications TCF dont l’Institut français est centre d’examen pour :</p>
<ul>
<li>TCF – Test de connaissance du français</li>
<li>TCF Québec – Pour la demande d’immigration au Québec</li>
<li>TCF Canada – Pour la demande d’immigration économique au Canada</li>
<li>TCF IRN– Pour la demande de naturalisation auprès du gouvernement français</li>
</ul>
<p>Public : grands adolescents et adultes pour des raisons d’études, personnelles ou professionnelles.</p>
<p>Test de niveau linguistique en français, il se décline également en plusieurs versions pour des publics spécifiques. Conçu pour accompagner la demande croissante de mobilité, le TCF intéresse particulièrement les publics étudiants, les entreprises et les organisations internationales.</p>
<p>Il bénéficie de la reconnaissance des conférences des établissements d’enseignement supérieur (CPU, CDEFI, CGE) et du dkistère de l’enseignement supérieur et de la recherche.[/vc_column_text][vc_single_image image=&#8221;38389&#8243; img_size=&#8221;2260 × 814&#8243; css=&#8221;&#8221;][/vc_column][vc_column width=&#8221;1/2&#8243;][vc_column_text css=&#8221;&#8221;]</p>
<h4>Test d’évaluation de français TEF</h4>
<p>La Chambre de Commerce et d’Industrie de Paris délivre les certifications <strong>TEF</strong> dont l’Institut français est centre d’examen pour :</p>
<ul>
<li>TEF – Test d’Évaluation du Français</li>
<li>TEFAQ – Pour la demande d’immigration au Québec</li>
<li>TEF Canada – Pour la demande d’immigration économique au Canada</li>
<li>TEF IRN– Pour la demande de naturalisation auprès du gouvernement français</li>
</ul>
<p>&nbsp;</p>
<p><img loading="lazy" decoding="async" class="alignnone size-full wp-image-34019" src="https://www.ifturquie.org/wp-content/uploads/2024/12/logo-TEF-2025-1-1.jpg" alt="" width="553" height="157" />[/vc_column_text][vc_single_image image=&#8221;38391&#8243; img_size=&#8221;2290 × 830&#8243; css=&#8221;&#8221;][vc_column_text]<strong>INSTITUT FRANÇAIS D’IZMIR</strong><br />
Tél : +90 232 466 00 13<br />
Courriel : <a href="mailto:sinavlar.izmir@ifturquie.org" target="_blank" rel="noopener noreferrer">sinavlar.izmir@ifturquie.org</a><br />
Adresse : Cumhuriyet Blv. No: 152 Alsancak – İzmir</p>
<p><strong>Horaires d’accueil :</strong></p>
<p>Du lundi au vendredi : 10h00 – 13h00 / 14h00 – 19h00<br />
Samedi : 09h00 – 12h00 / 14h00 – 17h00</p>
<p>Fermé dimanche.[/vc_column_text][/vc_column][/vc_row][/vc_section]</p>
</div>

<p>[vc_section css=&#8221;.vc_custom_1615383638380{margin-top: 0px !important;margin-bottom: 0px !important;padding-top: 0px !important;padding-right: 0px !important;padding-bottom: 0px !important;padding-left: 0px !important;}&#8221; el_class=&#8221;container_1110&#8243;][vc_row css=&#8221;.vc_custom_1536656189205{margin: 0px !important;padding: 0px !important;}&#8221;][vc_column width=&#8221;1/2&#8243; css=&#8221;.vc_custom_1725611477532{margin-top: 0px !important;margin-right: 0px !important;margin-bottom: 0px !important;margin-left: 0px !important;padding-top: 0px !important;padding-right: 0px !important;padding-bottom: 0px !important;padding-left: 0px !important;background-color: #ffffff !important;}&#8221;][vc_column_text css=&#8221;.vc_custom_1765889796092{margin-bottom: 76px !important;}&#8221; el_class=&#8221;kurs_top_text&#8221;]Le TEF (Test d’évaluation de français) est une certification délivrée par la [&hellip;]</p>
