{"id":3810,"date":"2018-09-21T17:36:21","date_gmt":"2018-09-21T14:36:21","guid":{"rendered":"http:\/\/www.ifturquie.org\/izmir\/nos-offres-demploi-et-de-stage\/"},"modified":"2025-12-12T16:47:19","modified_gmt":"2025-12-12T13:47:19","slug":"nos-offres-demploi-et-de-stage-2","status":"publish","type":"page","link":"https:\/\/www.ifturquie.org\/fr\/qui-sommes-nous\/nos-offres-demploi-et-de-stage-2\/","title":{"rendered":"Nos offres d\u2019emploi et de stage"},"content":{"rendered":"<div class=\"wpb-content-wrapper\"><p>[vc_section css=&#8221;.vc_custom_1615383925031{margin-top: 0px !important;margin-bottom: 0px !important;padding-top: 0px !important;padding-right: 0px !important;padding-bottom: 0px !important;padding-left: 0px !important;}&#8221; el_class=&#8221;container_1110&#8243;][vc_row][vc_column width=&#8221;1\/2&#8243;][vc_row_inner css=&#8221;.vc_custom_1531909257469{margin-top: 0px !important;margin-right: 0px !important;margin-bottom: 0px !important;margin-left: 0px !important;padding-top: 0px !important;padding-right: 0px !important;padding-bottom: 0px !important;padding-left: 0px !important;}&#8221; el_class=&#8221;max_width_600 right_block&#8221;][vc_column_inner][vc_custom_heading text=&#8221;Nos offres d\u2019emploi&#8221; google_fonts=&#8221;font_family:Montserrat%3Aregular%2C700|font_style:700%20bold%20regular%3A700%3Anormal&#8221; css=&#8221;.vc_custom_1608537026706{margin-top: 45px !important;}&#8221;][vc_column_text css=&#8221;.vc_custom_1765547175481{margin-top: 45px !important;margin-right: 0px !important;margin-left: 0px !important;padding-right: 120px !important;padding-left: 0px !important;}&#8221;]<\/p>\n<ul>\n<li><strong>L\u2019Institut fran\u00e7ais de Turquie \u00e0 Izmir recrute un(e) m\u00e9diath\u00e9caire (mi-temps)<\/strong><\/li>\n<\/ul>\n<p><a href=\"https:\/\/www.ifturquie.org\/wp-content\/uploads\/2025\/11\/Fichedeposte-mediathecaire_finale-1.pdf\" target=\"_blank\" rel=\"noopener\">Cliquez pour t\u00e9l\u00e9charger l&#8217;annonce d\u00e9taill\u00e9e.<\/a><\/p>\n<p><strong>Merci d\u2019envoyer votre CV et lettre de motivation en turc et en fran\u00e7ais au format PDF \u00e0 l\u2019adresse :<\/strong><br \/>\n<a href=\"mailto:jale.taskin@ifturquie.org\" target=\"_blank\" rel=\"noopener\">jale.taskin@ifturquie.org<\/a><\/p>\n<p>[\/vc_column_text][\/vc_column_inner][\/vc_row_inner][vc_row_inner css=&#8221;.vc_custom_1531909257469{margin-top: 0px !important;margin-right: 0px !important;margin-bottom: 0px !important;margin-left: 0px !important;padding-top: 0px !important;padding-right: 0px !important;padding-bottom: 0px !important;padding-left: 0px !important;}&#8221; el_class=&#8221;max_width_600 right_block&#8221;][vc_column_inner][vc_column_text css=&#8221;.vc_custom_1765546528000{margin-top: 45px !important;margin-right: 0px !important;margin-left: 0px !important;padding-right: 120px !important;padding-left: 0px !important;}&#8221;]<\/p>\n<ul>\n<li><strong>L\u2019Institut fran\u00e7ais de Turquie \u00e0 Izmir recrute un(e) assistant.e du service culturel (mi-temps)<\/strong><\/li>\n<\/ul>\n<p><a href=\"https:\/\/www.ifturquie.org\/wp-content\/uploads\/2025\/11\/Fichedeposte-assistanteCULT_finale.pdf\" target=\"_blank\" rel=\"noopener\">Cliquez pour t\u00e9l\u00e9charger l&#8217;annonce d\u00e9taill\u00e9e.<\/a><\/p>\n<p><strong>Merci d\u2019envoyer votre CV et lettre de motivation en turc et en fran\u00e7ais au format PDF \u00e0 l\u2019adresse :<\/strong><br \/>\n<a href=\"mailto:jale.taskin@ifturquie.org\" target=\"_blank\" rel=\"noopener\">jale.taskin@ifturquie.org<\/a><\/p>\n<p><strong>Les candidatures incompl\u00e8tes ou non conformes ne seront pas prises en consid\u00e9ration. <\/strong>[\/vc_column_text][\/vc_column_inner][\/vc_row_inner][vc_row_inner][vc_column_inner][vc_raw_html]PGRpdiBzdHlsZT0iY2xlYXI6Ym90aDsiPjwvZGl2Pg==[\/vc_raw_html][\/vc_column_inner][\/vc_row_inner][\/vc_column][vc_column width=&#8221;1\/2&#8243; css=&#8221;.vc_custom_1532346473738{margin-top: 0px !important;margin-right: 0px !important;margin-bottom: 0px !important;margin-left: 0px !important;padding-top: 0px !important;padding-right: 0px !important;padding-bottom: 0px !important;padding-left: 0px !important;background-color: #e6ede3 !important;}&#8221;][vc_single_image image=&#8221;2295&#8243; img_size=&#8221;full&#8221; css=&#8221;.vc_custom_1532596759964{margin-top: 0px !important;margin-right: 0px !important;margin-bottom: 0px !important;margin-left: 0px !important;padding-top: 0px !important;padding-right: 0px !important;padding-bottom: 0px !important;padding-left: 0px !important;}&#8221;][vc_row_inner][vc_column_inner][vc_raw_html]PGRpdiBzdHlsZT0iY2xlYXI6Ym90aDsiPjwvZGl2Pg==[\/vc_raw_html][\/vc_column_inner][\/vc_row_inner][\/vc_column][\/vc_row][\/vc_section]<\/p>\n<\/div>","protected":false},"excerpt":{"rendered":"<p>[vc_section css=&#8221;.vc_custom_1615383925031{margin-top: 0px !important;margin-bottom: 0px !important;padding-top: 0px !important;padding-right: 0px !important;padding-bottom: 0px !important;padding-left: 0px !important;}&#8221; el_class=&#8221;container_1110&#8243;][vc_row][vc_column width=&#8221;1\/2&#8243;][vc_row_inner css=&#8221;.vc_custom_1531909257469{margin-top: 0px !important;margin-right: 0px !important;margin-bottom: 0px !important;margin-left: 0px !important;padding-top: 0px !important;padding-right: 0px !important;padding-bottom: 0px !important;padding-left: 0px !important;}&#8221; el_class=&#8221;max_width_600 right_block&#8221;][vc_column_inner][vc_custom_heading text=&#8221;Nos offres d\u2019emploi&#8221; google_fonts=&#8221;font_family:Montserrat%3Aregular%2C700|font_style:700%20bold%20regular%3A700%3Anormal&#8221; css=&#8221;.vc_custom_1608537026706{margin-top: 45px !important;}&#8221;][vc_column_text css=&#8221;.vc_custom_1765547175481{margin-top: 45px !important;margin-right: 0px !important;margin-left: 0px !important;padding-right: 120px !important;padding-left: 0px !important;}&#8221;] L\u2019Institut fran\u00e7ais [&hellip;]<\/p>\n","protected":false},"author":2,"featured_media":0,"parent":3736,"menu_order":0,"comment_status":"closed","ping_status":"closed","template":"new-page-template.php","meta":{"_acf_changed":false,"h5ap_radio_sources":[],"footnotes":""},"class_list":["post-3810","page","type-page","status-publish","hentry"],"acf":[],"_links":{"self":[{"href":"https:\/\/www.ifturquie.org\/fr\/wp-json\/wp\/v2\/pages\/3810","targetHints":{"allow":["GET"]}}],"collection":[{"href":"https:\/\/www.ifturquie.org\/fr\/wp-json\/wp\/v2\/pages"}],"about":[{"href":"https:\/\/www.ifturquie.org\/fr\/wp-json\/wp\/v2\/types\/page"}],"author":[{"embeddable":true,"href":"https:\/\/www.ifturquie.org\/fr\/wp-json\/wp\/v2\/users\/2"}],"replies":[{"embeddable":true,"href":"https:\/\/www.ifturquie.org\/fr\/wp-json\/wp\/v2\/comments?post=3810"}],"version-history":[{"count":40,"href":"https:\/\/www.ifturquie.org\/fr\/wp-json\/wp\/v2\/pages\/3810\/revisions"}],"predecessor-version":[{"id":38321,"href":"https:\/\/www.ifturquie.org\/fr\/wp-json\/wp\/v2\/pages\/3810\/revisions\/38321"}],"up":[{"embeddable":true,"href":"https:\/\/www.ifturquie.org\/fr\/wp-json\/wp\/v2\/pages\/3736"}],"wp:attachment":[{"href":"https:\/\/www.ifturquie.org\/fr\/wp-json\/wp\/v2\/media?parent=3810"}],"curies":[{"name":"wp","href":"https:\/\/api.w.org\/{rel}","templated":true}]}}

<div class="wpb-content-wrapper"><p>[vc_section css=&#8221;.vc_custom_1615383925031{margin-top: 0px !important;margin-bottom: 0px !important;padding-top: 0px !important;padding-right: 0px !important;padding-bottom: 0px !important;padding-left: 0px !important;}&#8221; el_class=&#8221;container_1110&#8243;][vc_row][vc_column width=&#8221;1/2&#8243;][vc_row_inner css=&#8221;.vc_custom_1531909257469{margin-top: 0px !important;margin-right: 0px !important;margin-bottom: 0px !important;margin-left: 0px !important;padding-top: 0px !important;padding-right: 0px !important;padding-bottom: 0px !important;padding-left: 0px !important;}&#8221; el_class=&#8221;max_width_600 right_block&#8221;][vc_column_inner][vc_custom_heading text=&#8221;Nos offres d’emploi&#8221; google_fonts=&#8221;font_family:Montserrat%3Aregular%2C700|font_style:700%20bold%20regular%3A700%3Anormal&#8221; css=&#8221;.vc_custom_1608537026706{margin-top: 45px !important;}&#8221;][vc_column_text css=&#8221;.vc_custom_1765547175481{margin-top: 45px !important;margin-right: 0px !important;margin-left: 0px !important;padding-right: 120px !important;padding-left: 0px !important;}&#8221;]</p>
<ul>
<li><strong>L’Institut français de Turquie à Izmir recrute un(e) médiathécaire (mi-temps)</strong></li>
</ul>
<p><a href="https://www.ifturquie.org/wp-content/uploads/2025/11/Fichedeposte-mediathecaire_finale-1.pdf" target="_blank" rel="noopener">Cliquez pour télécharger l&#8217;annonce détaillée.</a></p>
<p><strong>Merci d’envoyer votre CV et lettre de motivation en turc et en français au format PDF à l’adresse :</strong><br />
<a href="mailto:jale.taskin@ifturquie.org" target="_blank" rel="noopener">jale.taskin@ifturquie.org</a></p>
<p>[/vc_column_text][/vc_column_inner][/vc_row_inner][vc_row_inner css=&#8221;.vc_custom_1531909257469{margin-top: 0px !important;margin-right: 0px !important;margin-bottom: 0px !important;margin-left: 0px !important;padding-top: 0px !important;padding-right: 0px !important;padding-bottom: 0px !important;padding-left: 0px !important;}&#8221; el_class=&#8221;max_width_600 right_block&#8221;][vc_column_inner][vc_column_text css=&#8221;.vc_custom_1765546528000{margin-top: 45px !important;margin-right: 0px !important;margin-left: 0px !important;padding-right: 120px !important;padding-left: 0px !important;}&#8221;]</p>
<ul>
<li><strong>L’Institut français de Turquie à Izmir recrute un(e) assistant.e du service culturel (mi-temps)</strong></li>
</ul>
<p><a href="https://www.ifturquie.org/wp-content/uploads/2025/11/Fichedeposte-assistanteCULT_finale.pdf" target="_blank" rel="noopener">Cliquez pour télécharger l&#8217;annonce détaillée.</a></p>
<p><strong>Merci d’envoyer votre CV et lettre de motivation en turc et en français au format PDF à l’adresse :</strong><br />
<a href="mailto:jale.taskin@ifturquie.org" target="_blank" rel="noopener">jale.taskin@ifturquie.org</a></p>
<p><strong>Les candidatures incomplètes ou non conformes ne seront pas prises en considération. </strong>[/vc_column_text][/vc_column_inner][/vc_row_inner][vc_row_inner][vc_column_inner][vc_raw_html]PGRpdiBzdHlsZT0iY2xlYXI6Ym90aDsiPjwvZGl2Pg==[/vc_raw_html][/vc_column_inner][/vc_row_inner][/vc_column][vc_column width=&#8221;1/2&#8243; css=&#8221;.vc_custom_1532346473738{margin-top: 0px !important;margin-right: 0px !important;margin-bottom: 0px !important;margin-left: 0px !important;padding-top: 0px !important;padding-right: 0px !important;padding-bottom: 0px !important;padding-left: 0px !important;background-color: #e6ede3 !important;}&#8221;][vc_single_image image=&#8221;2295&#8243; img_size=&#8221;full&#8221; css=&#8221;.vc_custom_1532596759964{margin-top: 0px !important;margin-right: 0px !important;margin-bottom: 0px !important;margin-left: 0px !important;padding-top: 0px !important;padding-right: 0px !important;padding-bottom: 0px !important;padding-left: 0px !important;}&#8221;][vc_row_inner][vc_column_inner][vc_raw_html]PGRpdiBzdHlsZT0iY2xlYXI6Ym90aDsiPjwvZGl2Pg==[/vc_raw_html][/vc_column_inner][/vc_row_inner][/vc_column][/vc_row][/vc_section]</p>
</div>

<p>[vc_section css=&#8221;.vc_custom_1615383925031{margin-top: 0px !important;margin-bottom: 0px !important;padding-top: 0px !important;padding-right: 0px !important;padding-bottom: 0px !important;padding-left: 0px !important;}&#8221; el_class=&#8221;container_1110&#8243;][vc_row][vc_column width=&#8221;1/2&#8243;][vc_row_inner css=&#8221;.vc_custom_1531909257469{margin-top: 0px !important;margin-right: 0px !important;margin-bottom: 0px !important;margin-left: 0px !important;padding-top: 0px !important;padding-right: 0px !important;padding-bottom: 0px !important;padding-left: 0px !important;}&#8221; el_class=&#8221;max_width_600 right_block&#8221;][vc_column_inner][vc_custom_heading text=&#8221;Nos offres d’emploi&#8221; google_fonts=&#8221;font_family:Montserrat%3Aregular%2C700|font_style:700%20bold%20regular%3A700%3Anormal&#8221; css=&#8221;.vc_custom_1608537026706{margin-top: 45px !important;}&#8221;][vc_column_text css=&#8221;.vc_custom_1765547175481{margin-top: 45px !important;margin-right: 0px !important;margin-left: 0px !important;padding-right: 120px !important;padding-left: 0px !important;}&#8221;] L’Institut français [&hellip;]</p>
