{"id":3746,"date":"2018-09-21T10:55:53","date_gmt":"2018-09-21T07:55:53","guid":{"rendered":"http:\/\/www.ifturquie.org\/qui-sommes-nous\/nos-offres-demploi-et-de-stage\/"},"modified":"2026-04-03T12:37:17","modified_gmt":"2026-04-03T09:37:17","slug":"nos-offres-demploi-et-de-stage","status":"publish","type":"page","link":"https:\/\/www.ifturquie.org\/fr\/qui-sommes-nous\/nos-offres-demploi-et-de-stage\/","title":{"rendered":"Nos offres d\u2019emploi et de stage"},"content":{"rendered":"<div class=\"wpb-content-wrapper\"><p>[vc_section css=&#8221;.vc_custom_1531905726581{margin: 0px !important;padding: 0px !important;}&#8221;][vc_row el_class=&#8221;container_1110&#8243;][vc_column width=&#8221;1\/2&#8243;][vc_row_inner css=&#8221;.vc_custom_1531909257469{margin-top: 0px !important;margin-right: 0px !important;margin-bottom: 0px !important;margin-left: 0px !important;padding-top: 0px !important;padding-right: 0px !important;padding-bottom: 0px !important;padding-left: 0px !important;}&#8221; el_class=&#8221;max_width_600 right_block&#8221;][vc_column_inner][vc_column_text css=&#8221;.vc_custom_1775209324710{margin-top: 45px !important;margin-right: 0px !important;margin-left: 0px !important;padding-right: 120px !important;padding-left: 0px !important;}&#8221;]<\/p>\n<div class=\"vc_row wpb_row vc_inner vc_row-fluid max_width_600 right_block vc_custom_1531909257469\">\n<ul style=\"list-style-type: square;\">\n<li><strong>OFFRE DE STAGE<\/strong><\/li>\n<\/ul>\n<p>Coop\u00e9ration et action culturelle<br \/>\nDu 01\/06\/2026 au 31\/07\/2026 (2 mois)<br \/>\nAntenne d\u2019ANKARA<\/p>\n<p><a href=\"https:\/\/www.ifturquie.org\/wp-content\/uploads\/2026\/04\/VF_FICHE-DE-POSTE-Stage-Juin-Juillet-2026.pdf\" target=\"_blank\" rel=\"noopener\">T\u00e9l\u00e9chargez la fiche de poste d\u00e9taill\u00e9e<\/a><\/p>\n<ul style=\"list-style-type: square;\">\n<li>L&#8217;universit\u00e9 Galatasaray recrute un.e Adjoint.e au coordinateur du D\u00e9partement de FLE<\/li>\n<\/ul>\n<p><a href=\"https:\/\/www.ifturquie.org\/wp-content\/uploads\/2026\/01\/Appel-a-candidatures-coordination-adjoint-MICEL-FLE-2026-2027.pdf\" target=\"_blank\" rel=\"noopener\">Cliquez pour t\u00e9l\u00e9charger la fiche de poste d\u00e9taill\u00e9e<\/a><\/p>\n<ul style=\"list-style-type: square;\">\n<li>La MICEL recrute au Lyc\u00e9e Galatasaray \u00e0 Istanbul. Cliquez pour t\u00e9l\u00e9charger les fiches de poste d\u00e9taill\u00e9es.<\/li>\n<\/ul>\n<p>&#8211;<a href=\"https:\/\/www.ifturquie.org\/wp-content\/uploads\/2025\/12\/1-poste-DEF-GSL.pdf\" target=\"_blank\" rel=\"noopener\">Directeur (trice) des \u00e9tudes fran\u00e7aises<\/a><br \/>\n&#8211;<a href=\"http:\/\/ifturquie\" target=\"_blank\" rel=\"noopener\">Enseignant(e) de math\u00e9matiques\u00a0<\/a><br \/>\n&#8211;<a href=\"https:\/\/www.ifturquie.org\/wp-content\/uploads\/2025\/12\/1-poste-Enseignant-de-FLE-Primaire.pdf\">Enseignant(e) FLE pour la primaire<\/a><br \/>\n&#8211;<a href=\"https:\/\/www.ifturquie.org\/wp-content\/uploads\/2025\/12\/1-poste-Enseignant-de-FLE.pdf\">Enseignant(e) FLE<\/a><\/p>\n<p>&nbsp;<\/p>\n<div class=\"wpb_column vc_column_container vc_col-sm-12\">\n<div class=\"vc_column-inner\">\n<div class=\"wpb_wrapper\">\n<div class=\"wpb_text_column wpb_content_element vc_custom_1764260774179\">\n<div class=\"wpb_wrapper\">\n<ul style=\"list-style-type: square;\">\n<li><strong>L\u2019Institut fran\u00e7ais de Turquie \u00e0 Izmir recrute un(e) m\u00e9diath\u00e9caire (mi-temps)<\/strong><\/li>\n<\/ul>\n<p><a href=\"https:\/\/www.ifturquie.org\/wp-content\/uploads\/2025\/11\/Fichedeposte-mediathecaire_finale-1.pdf\" target=\"_blank\" rel=\"noopener\">Cliquez pour t\u00e9l\u00e9charger l\u2019annonce d\u00e9taill\u00e9e.<\/a><\/p>\n<p>Merci d\u2019envoyer votre CV et lettre de motivation en turc et en fran\u00e7ais \u00e0 l\u2019adresse :<br \/>\n<a href=\"mailto:jale.taskin@ifturquie.org\" target=\"_blank\" rel=\"noopener\">jale.taskin@ifturquie.org<\/a><\/p>\n<p>&nbsp;<\/p>\n<\/div>\n<\/div>\n<\/div>\n<\/div>\n<\/div>\n<\/div>\n<div class=\"vc_row wpb_row vc_inner vc_row-fluid max_width_600 right_block vc_custom_1531909257469\">\n<div class=\"wpb_column vc_column_container vc_col-sm-12\">\n<div class=\"vc_column-inner\">\n<div class=\"wpb_wrapper\">\n<div class=\"wpb_text_column wpb_content_element vc_custom_1764260898962\">\n<div class=\"wpb_wrapper\">\n<ul style=\"list-style-type: square;\">\n<li><strong>L\u2019Institut fran\u00e7ais de Turquie \u00e0 Izmir recrute un(e) assistant.e du service culturel (mi-temps)<\/strong><\/li>\n<\/ul>\n<p><a href=\"https:\/\/www.ifturquie.org\/wp-content\/uploads\/2025\/11\/Fichedeposte-assistanteCULT_finale.pdf\" target=\"_blank\" rel=\"noopener\">Cliquez pour t\u00e9l\u00e9charger l\u2019annonce d\u00e9taill\u00e9e.<\/a><\/p>\n<p>Merci d\u2019envoyer votre CV et lettre de motivation en turc et en fran\u00e7ais \u00e0 l\u2019adresse :<br \/>\n<a href=\"mailto:jale.taskin@ifturquie.org\" target=\"_blank\" rel=\"noopener\">jale.taskin@ifturquie.org<\/a><\/p>\n<\/div>\n<\/div>\n<\/div>\n<\/div>\n<\/div>\n<\/div>\n<ul style=\"list-style-type: square;\">\n<li><strong>Vous pouvez nous transmettre une candidature spontan\u00e9e via les adresses courriel ci-dessous :<\/strong><\/li>\n<\/ul>\n<p><a href=\"mailto:danisma.ankara@ifturquie.org\" target=\"_blank\" rel=\"noopener\">danisma.ankara@ifturquie.org<\/a><\/p>\n<p><a href=\"mailto:danisma.istanbul@ifturquie.org\" target=\"_blank\" rel=\"noopener\">danisma.istanbul@ifturquie.org<\/a><\/p>\n<p><a href=\"mailto:danisma.izmir@ifturquie.org\" target=\"_blank\" rel=\"noopener\">danisma.izmir@ifturquie.org<\/a>[\/vc_column_text][\/vc_column_inner][\/vc_row_inner][vc_column_text css=&#8221;.vc_custom_1562326303138{margin-top: 45px !important;margin-right: 0px !important;margin-left: 0px !important;padding-right: 120px !important;padding-left: 0px !important;}&#8221; el_class=&#8221;max_width_600 right_block&#8221;][\/vc_column_text][\/vc_column][vc_column width=&#8221;1\/2&#8243; css=&#8221;.vc_custom_1532346473738{margin-top: 0px !important;margin-right: 0px !important;margin-bottom: 0px !important;margin-left: 0px !important;padding-top: 0px !important;padding-right: 0px !important;padding-bottom: 0px !important;padding-left: 0px !important;background-color: #e6ede3 !important;}&#8221;][vc_single_image image=&#8221;26316&#8243; img_size=&#8221;full&#8221; css=&#8221;.vc_custom_1673196886697{margin-bottom: 0px !important;padding-bottom: 0px !important;}&#8221;][vc_row_inner css=&#8221;.vc_custom_1560943889519{background-color: #ffffff !important;}&#8221;][vc_column_inner][vc_raw_html]PGRpdiBzdHlsZT0iY2xlYXI6Ym90aDsiPjwvZGl2Pg==[\/vc_raw_html][vc_column_text css=&#8221;.vc_custom_1761890366945{margin-top: 45px !important;margin-right: 0px !important;margin-left: 0px !important;padding-right: 120px !important;padding-left: 70px !important;}&#8221; el_class=&#8221;max_width_600&#8243;]<\/p>\n<p>&nbsp;<\/p>\n<p>&nbsp;<\/p>\n<p>&nbsp;<\/p>\n<p>[\/vc_column_text][\/vc_column_inner][\/vc_row_inner][\/vc_column][\/vc_row][\/vc_section]<\/p>\n<\/div>","protected":false},"excerpt":{"rendered":"<p>[vc_section css=&#8221;.vc_custom_1531905726581{margin: 0px !important;padding: 0px !important;}&#8221;][vc_row el_class=&#8221;container_1110&#8243;][vc_column width=&#8221;1\/2&#8243;][vc_row_inner css=&#8221;.vc_custom_1531909257469{margin-top: 0px !important;margin-right: 0px !important;margin-bottom: 0px !important;margin-left: 0px !important;padding-top: 0px !important;padding-right: 0px !important;padding-bottom: 0px !important;padding-left: 0px !important;}&#8221; el_class=&#8221;max_width_600 right_block&#8221;][vc_column_inner][vc_column_text css=&#8221;.vc_custom_1775209324710{margin-top: 45px !important;margin-right: 0px !important;margin-left: 0px !important;padding-right: 120px !important;padding-left: 0px !important;}&#8221;] OFFRE DE STAGE Coop\u00e9ration et action culturelle Du 01\/06\/2026 au 31\/07\/2026 (2 mois) Antenne d\u2019ANKARA T\u00e9l\u00e9chargez la [&hellip;]<\/p>\n","protected":false},"author":2,"featured_media":0,"parent":3736,"menu_order":0,"comment_status":"closed","ping_status":"closed","template":"new-page-template.php","meta":{"_acf_changed":false,"h5ap_radio_sources":[],"footnotes":""},"class_list":["post-3746","page","type-page","status-publish","hentry"],"acf":[],"_links":{"self":[{"href":"https:\/\/www.ifturquie.org\/fr\/wp-json\/wp\/v2\/pages\/3746","targetHints":{"allow":["GET"]}}],"collection":[{"href":"https:\/\/www.ifturquie.org\/fr\/wp-json\/wp\/v2\/pages"}],"about":[{"href":"https:\/\/www.ifturquie.org\/fr\/wp-json\/wp\/v2\/types\/page"}],"author":[{"embeddable":true,"href":"https:\/\/www.ifturquie.org\/fr\/wp-json\/wp\/v2\/users\/2"}],"replies":[{"embeddable":true,"href":"https:\/\/www.ifturquie.org\/fr\/wp-json\/wp\/v2\/comments?post=3746"}],"version-history":[{"count":116,"href":"https:\/\/www.ifturquie.org\/fr\/wp-json\/wp\/v2\/pages\/3746\/revisions"}],"predecessor-version":[{"id":39463,"href":"https:\/\/www.ifturquie.org\/fr\/wp-json\/wp\/v2\/pages\/3746\/revisions\/39463"}],"up":[{"embeddable":true,"href":"https:\/\/www.ifturquie.org\/fr\/wp-json\/wp\/v2\/pages\/3736"}],"wp:attachment":[{"href":"https:\/\/www.ifturquie.org\/fr\/wp-json\/wp\/v2\/media?parent=3746"}],"curies":[{"name":"wp","href":"https:\/\/api.w.org\/{rel}","templated":true}]}}

<div class="wpb-content-wrapper"><p>[vc_section css=&#8221;.vc_custom_1531905726581{margin: 0px !important;padding: 0px !important;}&#8221;][vc_row el_class=&#8221;container_1110&#8243;][vc_column width=&#8221;1/2&#8243;][vc_row_inner css=&#8221;.vc_custom_1531909257469{margin-top: 0px !important;margin-right: 0px !important;margin-bottom: 0px !important;margin-left: 0px !important;padding-top: 0px !important;padding-right: 0px !important;padding-bottom: 0px !important;padding-left: 0px !important;}&#8221; el_class=&#8221;max_width_600 right_block&#8221;][vc_column_inner][vc_column_text css=&#8221;.vc_custom_1775209324710{margin-top: 45px !important;margin-right: 0px !important;margin-left: 0px !important;padding-right: 120px !important;padding-left: 0px !important;}&#8221;]</p>
<div class="vc_row wpb_row vc_inner vc_row-fluid max_width_600 right_block vc_custom_1531909257469">
<ul style="list-style-type: square;">
<li><strong>OFFRE DE STAGE</strong></li>
</ul>
<p>Coopération et action culturelle<br />
Du 01/06/2026 au 31/07/2026 (2 mois)<br />
Antenne d’ANKARA</p>
<p><a href="https://www.ifturquie.org/wp-content/uploads/2026/04/VF_FICHE-DE-POSTE-Stage-Juin-Juillet-2026.pdf" target="_blank" rel="noopener">Téléchargez la fiche de poste détaillée</a></p>
<ul style="list-style-type: square;">
<li>L&#8217;université Galatasaray recrute un.e Adjoint.e au coordinateur du Département de FLE</li>
</ul>
<p><a href="https://www.ifturquie.org/wp-content/uploads/2026/01/Appel-a-candidatures-coordination-adjoint-MICEL-FLE-2026-2027.pdf" target="_blank" rel="noopener">Cliquez pour télécharger la fiche de poste détaillée</a></p>
<ul style="list-style-type: square;">
<li>La MICEL recrute au Lycée Galatasaray à Istanbul. Cliquez pour télécharger les fiches de poste détaillées.</li>
</ul>
<p>&#8211;<a href="https://www.ifturquie.org/wp-content/uploads/2025/12/1-poste-DEF-GSL.pdf" target="_blank" rel="noopener">Directeur (trice) des études françaises</a><br />
&#8211;<a href="http://ifturquie" target="_blank" rel="noopener">Enseignant(e) de mathématiques </a><br />
&#8211;<a href="https://www.ifturquie.org/wp-content/uploads/2025/12/1-poste-Enseignant-de-FLE-Primaire.pdf">Enseignant(e) FLE pour la primaire</a><br />
&#8211;<a href="https://www.ifturquie.org/wp-content/uploads/2025/12/1-poste-Enseignant-de-FLE.pdf">Enseignant(e) FLE</a></p>
<p>&nbsp;</p>
<div class="wpb_column vc_column_container vc_col-sm-12">
<div class="vc_column-inner">
<div class="wpb_wrapper">
<div class="wpb_text_column wpb_content_element vc_custom_1764260774179">
<div class="wpb_wrapper">
<ul style="list-style-type: square;">
<li><strong>L’Institut français de Turquie à Izmir recrute un(e) médiathécaire (mi-temps)</strong></li>
</ul>
<p><a href="https://www.ifturquie.org/wp-content/uploads/2025/11/Fichedeposte-mediathecaire_finale-1.pdf" target="_blank" rel="noopener">Cliquez pour télécharger l’annonce détaillée.</a></p>
<p>Merci d’envoyer votre CV et lettre de motivation en turc et en français à l’adresse :<br />
<a href="mailto:jale.taskin@ifturquie.org" target="_blank" rel="noopener">jale.taskin@ifturquie.org</a></p>
<p>&nbsp;</p>
</div>
</div>
</div>
</div>
</div>
</div>
<div class="vc_row wpb_row vc_inner vc_row-fluid max_width_600 right_block vc_custom_1531909257469">
<div class="wpb_column vc_column_container vc_col-sm-12">
<div class="vc_column-inner">
<div class="wpb_wrapper">
<div class="wpb_text_column wpb_content_element vc_custom_1764260898962">
<div class="wpb_wrapper">
<ul style="list-style-type: square;">
<li><strong>L’Institut français de Turquie à Izmir recrute un(e) assistant.e du service culturel (mi-temps)</strong></li>
</ul>
<p><a href="https://www.ifturquie.org/wp-content/uploads/2025/11/Fichedeposte-assistanteCULT_finale.pdf" target="_blank" rel="noopener">Cliquez pour télécharger l’annonce détaillée.</a></p>
<p>Merci d’envoyer votre CV et lettre de motivation en turc et en français à l’adresse :<br />
<a href="mailto:jale.taskin@ifturquie.org" target="_blank" rel="noopener">jale.taskin@ifturquie.org</a></p>
</div>
</div>
</div>
</div>
</div>
</div>
<ul style="list-style-type: square;">
<li><strong>Vous pouvez nous transmettre une candidature spontanée via les adresses courriel ci-dessous :</strong></li>
</ul>
<p><a href="mailto:danisma.ankara@ifturquie.org" target="_blank" rel="noopener">danisma.ankara@ifturquie.org</a></p>
<p><a href="mailto:danisma.istanbul@ifturquie.org" target="_blank" rel="noopener">danisma.istanbul@ifturquie.org</a></p>
<p><a href="mailto:danisma.izmir@ifturquie.org" target="_blank" rel="noopener">danisma.izmir@ifturquie.org</a>[/vc_column_text][/vc_column_inner][/vc_row_inner][vc_column_text css=&#8221;.vc_custom_1562326303138{margin-top: 45px !important;margin-right: 0px !important;margin-left: 0px !important;padding-right: 120px !important;padding-left: 0px !important;}&#8221; el_class=&#8221;max_width_600 right_block&#8221;][/vc_column_text][/vc_column][vc_column width=&#8221;1/2&#8243; css=&#8221;.vc_custom_1532346473738{margin-top: 0px !important;margin-right: 0px !important;margin-bottom: 0px !important;margin-left: 0px !important;padding-top: 0px !important;padding-right: 0px !important;padding-bottom: 0px !important;padding-left: 0px !important;background-color: #e6ede3 !important;}&#8221;][vc_single_image image=&#8221;26316&#8243; img_size=&#8221;full&#8221; css=&#8221;.vc_custom_1673196886697{margin-bottom: 0px !important;padding-bottom: 0px !important;}&#8221;][vc_row_inner css=&#8221;.vc_custom_1560943889519{background-color: #ffffff !important;}&#8221;][vc_column_inner][vc_raw_html]PGRpdiBzdHlsZT0iY2xlYXI6Ym90aDsiPjwvZGl2Pg==[/vc_raw_html][vc_column_text css=&#8221;.vc_custom_1761890366945{margin-top: 45px !important;margin-right: 0px !important;margin-left: 0px !important;padding-right: 120px !important;padding-left: 70px !important;}&#8221; el_class=&#8221;max_width_600&#8243;]</p>
<p>&nbsp;</p>
<p>&nbsp;</p>
<p>&nbsp;</p>
<p>[/vc_column_text][/vc_column_inner][/vc_row_inner][/vc_column][/vc_row][/vc_section]</p>
</div>

<p>[vc_section css=&#8221;.vc_custom_1531905726581{margin: 0px !important;padding: 0px !important;}&#8221;][vc_row el_class=&#8221;container_1110&#8243;][vc_column width=&#8221;1/2&#8243;][vc_row_inner css=&#8221;.vc_custom_1531909257469{margin-top: 0px !important;margin-right: 0px !important;margin-bottom: 0px !important;margin-left: 0px !important;padding-top: 0px !important;padding-right: 0px !important;padding-bottom: 0px !important;padding-left: 0px !important;}&#8221; el_class=&#8221;max_width_600 right_block&#8221;][vc_column_inner][vc_column_text css=&#8221;.vc_custom_1775209324710{margin-top: 45px !important;margin-right: 0px !important;margin-left: 0px !important;padding-right: 120px !important;padding-left: 0px !important;}&#8221;] OFFRE DE STAGE Coopération et action culturelle Du 01/06/2026 au 31/07/2026 (2 mois) Antenne d’ANKARA Téléchargez la [&hellip;]</p>
